{"id":55,"date":"2016-01-18T13:42:22","date_gmt":"2016-01-18T13:42:22","guid":{"rendered":"http:\/\/localhost\/wordpress\/freesia-empire\/?page_id=55"},"modified":"2025-09-11T11:55:58","modified_gmt":"2025-09-11T11:55:58","slug":"curso-de-assistente-administrativo-e-financeiro","status":"publish","type":"page","link":"https:\/\/www.cursosaominuto.pt\/wordpress\/portfolio\/curso-de-assistente-administrativo-e-financeiro\/","title":{"rendered":"Assistente Administrativo e Financeiro"},"content":{"rendered":"\n<p>N\u00e3o h\u00e1 fronteiras numa carreira como <strong>assistente administrativo<\/strong>. Podes trabalhar para qualquer empresa, independentemente da \u00e1rea de neg\u00f3cio ou setor de atividade.<\/p>\n\n\n\n<p><\/p>\n\n\n<div class=\"wp-block-image\">\n<figure class=\"aligncenter size-large\"><img loading=\"lazy\" decoding=\"async\" width=\"1024\" height=\"484\" src=\"https:\/\/www.cursosaominuto.pt\/wordpress\/wp-content\/uploads\/2024\/01\/pexels-anna-nekrashevich-6801874-scaled-e1705406316274-1024x484.jpg\" alt=\"\" class=\"wp-image-333\" srcset=\"https:\/\/www.cursosaominuto.pt\/wordpress\/wp-content\/uploads\/2024\/01\/pexels-anna-nekrashevich-6801874-scaled-e1705406316274-1024x484.jpg 1024w, https:\/\/www.cursosaominuto.pt\/wordpress\/wp-content\/uploads\/2024\/01\/pexels-anna-nekrashevich-6801874-scaled-e1705406316274-300x142.jpg 300w, https:\/\/www.cursosaominuto.pt\/wordpress\/wp-content\/uploads\/2024\/01\/pexels-anna-nekrashevich-6801874-scaled-e1705406316274-768x363.jpg 768w, https:\/\/www.cursosaominuto.pt\/wordpress\/wp-content\/uploads\/2024\/01\/pexels-anna-nekrashevich-6801874-scaled-e1705406316274-1536x727.jpg 1536w, https:\/\/www.cursosaominuto.pt\/wordpress\/wp-content\/uploads\/2024\/01\/pexels-anna-nekrashevich-6801874-scaled-e1705406316274-2048x969.jpg 2048w, https:\/\/www.cursosaominuto.pt\/wordpress\/wp-content\/uploads\/2024\/01\/pexels-anna-nekrashevich-6801874-scaled-e1705406316274-600x284.jpg 600w\" sizes=\"auto, (max-width: 1024px) 100vw, 1024px\" \/><\/figure>\n<\/div>\n\n\n<p><\/p>\n\n\n\n<p>E h\u00e1 mais! Esta \u00e9 uma profiss\u00e3o cada vez mais procurada no mercado de trabalho. Podes come\u00e7ar j\u00e1 a aprofundar os teus conhecimentos nesta \u00e1rea atrav\u00e9s do <strong>Curso de Assistente Administrativo e Financeiro.<\/strong><\/p>\n\n\n\n<p><\/p>\n\n\n\n<div class=\"wp-block-buttons is-content-justification-center is-layout-flex wp-container-core-buttons-is-layout-16018d1d wp-block-buttons-is-layout-flex\">\n<div class=\"wp-block-button\"><a class=\"wp-block-button__link has-vivid-red-background-color has-background wp-element-button\" href=\"https:\/\/cursos360.pt\/assistente-financeiro?pilot=972&amp;utm_source=organico&amp;utm_medium=opc&amp;utm_campaign=adstrategy&amp;utm_content=SITE_CM_OFERTA\" target=\"_blank\" rel=\"noopener\"><strong>INSCREVE-TE<\/strong><\/a><\/div>\n<\/div>\n\n\n\n<p><\/p>\n\n\n\n<h2 class=\"wp-block-heading has-text-align-center\"> Principais Objetivos<\/h2>\n\n\n\n<ul class=\"wp-block-list\">\n<li>Conhecer t\u00e9cnicas para uma comunica\u00e7\u00e3o eficaz, regras de etiqueta ao telefone, organizacionais e de comportamento social<\/li>\n\n\n\n<li>Compreender a diferen\u00e7a entre miss\u00e3o, vis\u00e3o e valores das organiza\u00e7\u00f5es e os diferentes tipos de empresas e compreender as diferentes formas jur\u00eddicas das mesmas<\/li>\n\n\n\n<li>Conhecer conceitos gerais de gest\u00e3o e contabilidade, bem como as suas principais fun\u00e7\u00f5es e reconhecer os objetivos e vantagens do Sistema de Normaliza\u00e7\u00e3o Contabil\u00edstica<\/li>\n\n\n\n<li>Conhecer t\u00e9cnicas para realizar contactos telef\u00f3nicos orientados \u00e0 recupera\u00e7\u00e3o de d\u00edvidas de clientes, utilizando t\u00e9cnicas de negocia\u00e7\u00e3o e contornando obje\u00e7\u00f5es de clientes<\/li>\n\n\n\n<li>Adquirir no\u00e7\u00f5es b\u00e1sicas de alguns conceitos jur\u00eddicos, tais como: insolv\u00eancia, PER, SIREVE, PARI e PERSI<\/li>\n\n\n\n<li>Adquirir no\u00e7\u00f5es financeiras e de servi\u00e7os banc\u00e1rios b\u00e1sicos e reconhecer e identificar diferentes tipos de impostos<\/li>\n\n\n\n<li>Saber configurar e utilizar o software Primavera Express e aprender a utilizar ferramentas Office<\/li>\n<\/ul>\n\n\n\n<h2 class=\"wp-block-heading has-text-align-center\">Sa\u00eddas Profissionais<\/h2>\n\n\n\n<ul class=\"wp-block-list\">\n<li>Administrativo\/Assistente administrativo<\/li>\n\n\n\n<li>Assistente de contabilidade<\/li>\n\n\n\n<li>Assistente de tesouraria<\/li>\n\n\n\n<li>Assistente comercial<\/li>\n\n\n\n<li>Assistente jur\u00eddico<\/li>\n\n\n\n<li>Assistente de Dire\u00e7\u00e3o<\/li>\n\n\n\n<li>Assistente de Recursos Humanos<\/li>\n\n\n\n<li>Gestor de cobran\u00e7as<\/li>\n\n\n\n<li>Asset Manager<\/li>\n\n\n\n<li>Backoffice<\/li>\n\n\n\n<li>Assistente pessoal<\/li>\n<\/ul>\n\n\n\n<p><\/p>\n\n\n\n<div class=\"wp-block-buttons is-content-justification-center is-layout-flex wp-container-core-buttons-is-layout-16018d1d wp-block-buttons-is-layout-flex\">\n<div class=\"wp-block-button\"><a class=\"wp-block-button__link has-vivid-red-background-color has-background wp-element-button\" href=\"https:\/\/cursos360.pt\/assistente-financeiro?pilot=972&amp;utm_source=organico&amp;utm_medium=opc&amp;utm_campaign=adstrategy&amp;utm_content=SITE_CM_OFERTA\" target=\"_blank\" rel=\"noopener\"><strong>SABE MAIS AQUI<\/strong><\/a><\/div>\n<\/div>\n\n\n\n<p><\/p>\n\n\n\n<h2 class=\"wp-block-heading has-text-align-center\">Vantagens<\/h2>\n\n\n\n<figure class=\"wp-block-table is-style-stripes has-small-font-size\"><table><tbody><tr><td class=\"has-text-align-center\" data-align=\"center\"><img decoding=\"async\" src=\"https:\/\/formacao-profissional.pt\/ADigital\/img\/bolsaestagios.png\" alt=\"Bolsa_De_Estagios\"><br><strong> BOLSA DE EST\u00c1GIOS<\/strong><\/td><td class=\"has-text-align-center\" data-align=\"center\"><img decoding=\"async\" src=\"https:\/\/formacao-profissional.pt\/ADigital\/img\/bolsaemprego.png\" alt=\"Bolsa_De_Emprego\"><br><strong>BOLSA DE EMPREGO<\/strong><\/td><td class=\"has-text-align-center\" data-align=\"center\"><strong><img decoding=\"async\" src=\"https:\/\/formacao-profissional.pt\/ADigital\/img\/casospraticos.png\" alt=\"CASOS_PR\u00c1TICOS\"><\/strong><br><strong>CASOS PR\u00c1TICOS<\/strong><\/td><td class=\"has-text-align-center\" data-align=\"center\"><img decoding=\"async\" src=\"https:\/\/formacao-profissional.pt\/ADigital\/img\/campusvirtual.png\" alt=\"CAMPUS_VIRTUAL\"><br><strong>CAMPUS VIRTUAL<\/strong><\/td><td class=\"has-text-align-center\" data-align=\"center\"><img decoding=\"async\" src=\"https:\/\/formacao-profissional.pt\/ADigital\/img\/tutor_especializado.png\" alt=\"TUTOR_ESPECIALIZADO\"><br><strong>TUTOR ESPECIALIZADO<\/strong><\/td><\/tr><\/tbody><\/table><\/figure>\n","protected":false},"excerpt":{"rendered":"<p>N\u00e3o h\u00e1 fronteiras numa carreira como assistente administrativo. Podes trabalhar para qualquer empresa, independentemente da \u00e1rea de neg\u00f3cio ou setor de atividade. E h\u00e1 mais! Esta \u00e9 uma profiss\u00e3o cada vez mais procurada no mercado de trabalho. Podes come\u00e7ar j\u00e1 a aprofundar os teus conhecimentos nesta \u00e1rea atrav\u00e9s do Curso de Assistente Administrativo e Financeiro. Principais Objetivos Sa\u00eddas Profissionais Vantagens BOLSA DE EST\u00c1GIOS BOLSA DE&hellip; <\/p>\n","protected":false},"author":1,"featured_media":347,"parent":52,"menu_order":0,"comment_status":"closed","ping_status":"closed","template":"","meta":{"footnotes":""},"class_list":["post-55","page","type-page","status-publish","has-post-thumbnail","hentry","clearfix"],"_links":{"self":[{"href":"https:\/\/www.cursosaominuto.pt\/wordpress\/wp-json\/wp\/v2\/pages\/55","targetHints":{"allow":["GET"]}}],"collection":[{"href":"https:\/\/www.cursosaominuto.pt\/wordpress\/wp-json\/wp\/v2\/pages"}],"about":[{"href":"https:\/\/www.cursosaominuto.pt\/wordpress\/wp-json\/wp\/v2\/types\/page"}],"author":[{"embeddable":true,"href":"https:\/\/www.cursosaominuto.pt\/wordpress\/wp-json\/wp\/v2\/users\/1"}],"replies":[{"embeddable":true,"href":"https:\/\/www.cursosaominuto.pt\/wordpress\/wp-json\/wp\/v2\/comments?post=55"}],"version-history":[{"count":17,"href":"https:\/\/www.cursosaominuto.pt\/wordpress\/wp-json\/wp\/v2\/pages\/55\/revisions"}],"predecessor-version":[{"id":3781,"href":"https:\/\/www.cursosaominuto.pt\/wordpress\/wp-json\/wp\/v2\/pages\/55\/revisions\/3781"}],"up":[{"embeddable":true,"href":"https:\/\/www.cursosaominuto.pt\/wordpress\/wp-json\/wp\/v2\/pages\/52"}],"wp:featuredmedia":[{"embeddable":true,"href":"https:\/\/www.cursosaominuto.pt\/wordpress\/wp-json\/wp\/v2\/media\/347"}],"wp:attachment":[{"href":"https:\/\/www.cursosaominuto.pt\/wordpress\/wp-json\/wp\/v2\/media?parent=55"}],"curies":[{"name":"wp","href":"https:\/\/api.w.org\/{rel}","templated":true}]}}