{"id":2754,"date":"2024-08-21T15:08:04","date_gmt":"2024-08-21T15:08:04","guid":{"rendered":"https:\/\/www.cursosaominuto.pt\/wordpress\/?page_id=2754"},"modified":"2025-09-22T16:13:38","modified_gmt":"2025-09-22T16:13:38","slug":"mecanica-de-motos","status":"publish","type":"page","link":"https:\/\/www.cursosaominuto.pt\/wordpress\/mecanica-de-motos\/","title":{"rendered":"Mec\u00e2nica de Motos"},"content":{"rendered":"\n<p>Sonha em entrar no mundo das motos e dominar as m\u00e1quinas de duas rodas? O&nbsp;<strong>Curso de Mec\u00e2nica de Motos<\/strong>\u00e9 a sua rampa de lan\u00e7amento! Com&nbsp;<strong>350 horas<\/strong>&nbsp;de teoria e pr\u00e1tica eletrizantes, vai tornar-se um expert em tudo o que ronca e acelera, desde os fundamentos at\u00e9 os segredos da manuten\u00e7\u00e3o e gest\u00e3o de oficinas.<br><br><strong>Aprenda na pr\u00e1tica, com o motor nas m\u00e3os!&nbsp;<\/strong>Aulas ao vivo, m\u00f3dulos detalhados e semin\u00e1rios presenciais colocam-no no comando da oficina, ensinando-o a fazer os reparos, consertar as avarias e deixar qualquer moto a roncar de satisfa\u00e7\u00e3o.<\/p>\n\n\n\n<p><\/p>\n\n\n<div class=\"wp-block-image\">\n<figure class=\"aligncenter size-full\"><img loading=\"lazy\" decoding=\"async\" width=\"674\" height=\"469\" src=\"https:\/\/www.cursosaominuto.pt\/wordpress\/wp-content\/uploads\/2024\/08\/MECANICA-DE-MOTOS.png\" alt=\"\" class=\"wp-image-2740\" srcset=\"https:\/\/www.cursosaominuto.pt\/wordpress\/wp-content\/uploads\/2024\/08\/MECANICA-DE-MOTOS.png 674w, https:\/\/www.cursosaominuto.pt\/wordpress\/wp-content\/uploads\/2024\/08\/MECANICA-DE-MOTOS-300x209.png 300w\" sizes=\"auto, (max-width: 674px) 100vw, 674px\" \/><\/figure>\n<\/div>\n\n\n<p><\/p>\n\n\n\n<p><strong>Domine todos os segredos:&nbsp;<\/strong>Do b\u00e1sico ao avan\u00e7ado, desvendar\u00e1 os segredos do funcionamento das motos, desde o motor at\u00e9 a parte el\u00e9trica. Aprenda a fazer manuten\u00e7\u00f5es preventivas, solucionar problemas, cuidar da parte est\u00e9tica e garantir que cada moto esteja sempre impec\u00e1vel.<br><br><strong>A sua oficina, as suas regras!<\/strong>&nbsp;O curso prepara-o para diversas \u00e1reas dentro da ind\u00fastria de motocicletas, seja como mec\u00e2nico, t\u00e9cnico de motos el\u00e9tricas, gestor de oficina ou apto para abrir o seu pr\u00f3prio neg\u00f3cio. As oportunidades s\u00e3o infinitas, s\u00f3 tem de acelerar!<\/p>\n\n\n\n<p><\/p>\n\n\n\n<div class=\"wp-block-buttons is-content-justification-center is-layout-flex wp-container-core-buttons-is-layout-16018d1d wp-block-buttons-is-layout-flex\">\n<div class=\"wp-block-button\"><a class=\"wp-block-button__link has-vivid-red-background-color has-background wp-element-button\" href=\"https:\/\/cursos-de-formacao.pt\/mecanica-motos?utm_source=organico&amp;utm_medium=opc&amp;utm_campaign=adstrategy&amp;utm_content=SITE_CM_OFERTA\" target=\"_blank\" rel=\"noopener\"><strong>INSCREVE-TE<\/strong><\/a><\/div>\n<\/div>\n\n\n\n<p><\/p>\n\n\n\n<h2 class=\"wp-block-heading has-text-align-center\">Principais Objetivos<\/h2>\n\n\n\n<ul class=\"wp-block-list\">\n<li>Compreender o funcionamento b\u00e1sico de um motociclo, incluindo motor, sistemas de transmiss\u00e3o, embraiagem, sistemas de travagem, suspens\u00e3o e amortecimento, ilumina\u00e7\u00e3o, sistema de combust\u00edvel, lubrifica\u00e7\u00e3o, sistema de arrefecimento, igni\u00e7\u00e3o, sistemas el\u00e9trico, e muito mais.<\/li>\n\n\n\n<li>Executar t\u00e9cnicas pr\u00e1ticas de repara\u00e7\u00e3o e manuten\u00e7\u00e3o de motociclos, incluindo diagn\u00f3stico de avarias, substitui\u00e7\u00e3o de componentes, e ajustes para otimizar o desempenho do ve\u00edculo.<\/li>\n\n\n\n<li>Aprender a realizar manuten\u00e7\u00e3o preventiva, diagnosticar problemas e realizar reparos eficazes em diversos tipos de motociclos.<\/li>\n<\/ul>\n\n\n\n<h2 class=\"wp-block-heading has-text-align-center\">Sa\u00eddas Profissionais<\/h2>\n\n\n\n<ul class=\"wp-block-list\">\n<li>Oficinas de repara\u00e7\u00e3o de motociclos<\/li>\n\n\n\n<li>Concession\u00e1rios de motociclos<\/li>\n\n\n\n<li>Empresas de produ\u00e7\u00e3o de motociclos<\/li>\n\n\n\n<li>Empresas de comercializa\u00e7\u00e3o de componentes de motociclos<\/li>\n<\/ul>\n\n\n\n<p><\/p>\n\n\n\n<div class=\"wp-block-buttons is-content-justification-center is-layout-flex wp-container-core-buttons-is-layout-16018d1d wp-block-buttons-is-layout-flex\">\n<div class=\"wp-block-button\"><a class=\"wp-block-button__link has-vivid-red-background-color has-background wp-element-button\" href=\"https:\/\/cursos-de-formacao.pt\/mecanica-motos?utm_source=organico&amp;utm_medium=opc&amp;utm_campaign=adstrategy&amp;utm_content=SITE_CM_OFERTA\" target=\"_blank\" rel=\"noopener\"><strong>SABE MAIS AQUI<\/strong><\/a><\/div>\n<\/div>\n\n\n\n<p><\/p>\n\n\n\n<h2 class=\"wp-block-heading has-text-align-center\">Vantagens<\/h2>\n\n\n\n<figure class=\"wp-block-image size-large\"><img loading=\"lazy\" decoding=\"async\" width=\"1024\" height=\"203\" src=\"https:\/\/www.cursosaominuto.pt\/wordpress\/wp-content\/uploads\/2024\/08\/Captura-de-ecra-2024-08-21-as-12.29.19-1-1024x203.png\" alt=\"\" class=\"wp-image-2750\" srcset=\"https:\/\/www.cursosaominuto.pt\/wordpress\/wp-content\/uploads\/2024\/08\/Captura-de-ecra-2024-08-21-as-12.29.19-1-1024x203.png 1024w, https:\/\/www.cursosaominuto.pt\/wordpress\/wp-content\/uploads\/2024\/08\/Captura-de-ecra-2024-08-21-as-12.29.19-1-300x59.png 300w, https:\/\/www.cursosaominuto.pt\/wordpress\/wp-content\/uploads\/2024\/08\/Captura-de-ecra-2024-08-21-as-12.29.19-1-768x152.png 768w, https:\/\/www.cursosaominuto.pt\/wordpress\/wp-content\/uploads\/2024\/08\/Captura-de-ecra-2024-08-21-as-12.29.19-1-1536x304.png 1536w, https:\/\/www.cursosaominuto.pt\/wordpress\/wp-content\/uploads\/2024\/08\/Captura-de-ecra-2024-08-21-as-12.29.19-1.png 2040w\" sizes=\"auto, (max-width: 1024px) 100vw, 1024px\" \/><\/figure>\n","protected":false},"excerpt":{"rendered":"<p>Sonha em entrar no mundo das motos e dominar as m\u00e1quinas de duas rodas? O&nbsp;Curso de Mec\u00e2nica de Motos\u00e9 a sua rampa de lan\u00e7amento! Com&nbsp;350 horas&nbsp;de teoria e pr\u00e1tica eletrizantes, vai tornar-se um expert em tudo o que ronca e acelera, desde os fundamentos at\u00e9 os segredos da manuten\u00e7\u00e3o e gest\u00e3o de oficinas. Aprenda na pr\u00e1tica, com o motor nas m\u00e3os!&nbsp;Aulas ao vivo, m\u00f3dulos detalhados&hellip; <\/p>\n","protected":false},"author":1,"featured_media":0,"parent":0,"menu_order":0,"comment_status":"closed","ping_status":"closed","template":"","meta":{"footnotes":""},"class_list":["post-2754","page","type-page","status-publish","hentry","clearfix"],"_links":{"self":[{"href":"https:\/\/www.cursosaominuto.pt\/wordpress\/wp-json\/wp\/v2\/pages\/2754","targetHints":{"allow":["GET"]}}],"collection":[{"href":"https:\/\/www.cursosaominuto.pt\/wordpress\/wp-json\/wp\/v2\/pages"}],"about":[{"href":"https:\/\/www.cursosaominuto.pt\/wordpress\/wp-json\/wp\/v2\/types\/page"}],"author":[{"embeddable":true,"href":"https:\/\/www.cursosaominuto.pt\/wordpress\/wp-json\/wp\/v2\/users\/1"}],"replies":[{"embeddable":true,"href":"https:\/\/www.cursosaominuto.pt\/wordpress\/wp-json\/wp\/v2\/comments?post=2754"}],"version-history":[{"count":2,"href":"https:\/\/www.cursosaominuto.pt\/wordpress\/wp-json\/wp\/v2\/pages\/2754\/revisions"}],"predecessor-version":[{"id":3956,"href":"https:\/\/www.cursosaominuto.pt\/wordpress\/wp-json\/wp\/v2\/pages\/2754\/revisions\/3956"}],"wp:attachment":[{"href":"https:\/\/www.cursosaominuto.pt\/wordpress\/wp-json\/wp\/v2\/media?parent=2754"}],"curies":[{"name":"wp","href":"https:\/\/api.w.org\/{rel}","templated":true}]}}