{"id":2593,"date":"2024-06-06T09:41:31","date_gmt":"2024-06-06T09:41:31","guid":{"rendered":"https:\/\/www.cursosaominuto.pt\/wordpress\/?page_id=2593"},"modified":"2024-06-06T09:41:31","modified_gmt":"2024-06-06T09:41:31","slug":"pos-graduacao-em-contabilidade-e-gestao-publica","status":"publish","type":"page","link":"https:\/\/www.cursosaominuto.pt\/wordpress\/pos-graduacao-em-contabilidade-e-gestao-publica\/","title":{"rendered":"P\u00f3s-Gradua\u00e7\u00e3o em Contabilidade e Gest\u00e3o P\u00fablica"},"content":{"rendered":"\n<p>Com uma forte componente aplicada, a P\u00f3s-gradua\u00e7\u00e3o em Contabilidade e Gest\u00e3o P\u00fablica do ISCSP pretende proporcionar um conjunto alargado de conhecimentos cient\u00edficos e t\u00e9cnicos, que possam vir a contribuir para uma maior qualifica\u00e7\u00e3o da gest\u00e3o na Administra\u00e7\u00e3o P\u00fablica.<\/p>\n\n\n\n<figure class=\"wp-block-image size-large\"><img loading=\"lazy\" decoding=\"async\" width=\"1024\" height=\"1024\" src=\"https:\/\/www.cursosaominuto.pt\/wordpress\/wp-content\/uploads\/2024\/06\/1080x1080-Contabilidade-e-Gestao-Publica1-1024x1024.png\" alt=\"\" class=\"wp-image-2579\" srcset=\"https:\/\/www.cursosaominuto.pt\/wordpress\/wp-content\/uploads\/2024\/06\/1080x1080-Contabilidade-e-Gestao-Publica1-1024x1024.png 1024w, https:\/\/www.cursosaominuto.pt\/wordpress\/wp-content\/uploads\/2024\/06\/1080x1080-Contabilidade-e-Gestao-Publica1-300x300.png 300w, https:\/\/www.cursosaominuto.pt\/wordpress\/wp-content\/uploads\/2024\/06\/1080x1080-Contabilidade-e-Gestao-Publica1-150x150.png 150w, https:\/\/www.cursosaominuto.pt\/wordpress\/wp-content\/uploads\/2024\/06\/1080x1080-Contabilidade-e-Gestao-Publica1-768x768.png 768w, https:\/\/www.cursosaominuto.pt\/wordpress\/wp-content\/uploads\/2024\/06\/1080x1080-Contabilidade-e-Gestao-Publica1.png 1080w\" sizes=\"auto, (max-width: 1024px) 100vw, 1024px\" \/><\/figure>\n\n\n\n<p><\/p>\n\n\n\n<div class=\"wp-block-buttons is-content-justification-center is-layout-flex wp-container-core-buttons-is-layout-16018d1d wp-block-buttons-is-layout-flex\">\n<div class=\"wp-block-button has-custom-width wp-block-button__width-25\"><a class=\"wp-block-button__link has-vivid-red-background-color has-background wp-element-button\" href=\"https:\/\/tracking.adstrategysites.com\/aff_c?offer_id=3778&amp;aff_id=2170&amp;url_id=7677&amp;source=site_cm\" target=\"_blank\" rel=\"noopener\"><strong>SABER MAIS<\/strong><\/a><\/div>\n<\/div>\n\n\n\n<p><\/p>\n\n\n\n<h2 class=\"wp-block-heading has-text-align-center\">Principais Objetivos<\/h2>\n\n\n\n<ul class=\"wp-block-list\">\n<li>Conhecimentos sistematizados e profissionalizantes;<\/li>\n\n\n\n<li>Compet\u00eancias fundamentais para fun\u00e7\u00f5es de gest\u00e3o;<\/li>\n\n\n\n<li>Capacidades anal\u00edticas e cr\u00edticas.<\/li>\n<\/ul>\n\n\n\n<h2 class=\"wp-block-heading has-text-align-center\">Destinat\u00e1rios<\/h2>\n\n\n\n<ul class=\"wp-block-list\">\n<li>Profissionais de comunica\u00e7\u00e3o e contabilidade<\/li>\n\n\n\n<li>T\u00e9cnicos superiores, dirigentes da Administra\u00e7\u00e3o P\u00fablica<\/li>\n\n\n\n<li>Gestores de Contabilidade P\u00fablica<\/li>\n<\/ul>\n\n\n\n<h2 class=\"wp-block-heading has-text-align-center\">O Que vai Aprender?<\/h2>\n\n\n\n<ul class=\"wp-block-list\">\n<li>Gest\u00e3o P\u00fablica<\/li>\n\n\n\n<li>C\u00f3digo do Procedimento Administrativo<\/li>\n\n\n\n<li>Gest\u00e3o e V\u00ednculo do Emprego P\u00fablico<\/li>\n\n\n\n<li>Contrata\u00e7\u00e3o P\u00fablica<\/li>\n\n\n\n<li>Contabilidade das Administra\u00e7\u00f5es P\u00fablicas (N\u00edvel Elementar) (1)<\/li>\n\n\n\n<li>Contabilidade das Administra\u00e7\u00f5es P\u00fablicas (N\u00edvel Interm\u00e9dio) (1)<\/li>\n\n\n\n<li>Contabilidade das Administra\u00e7\u00f5es P\u00fablicas (N\u00edvel Avan\u00e7ado) (1)<\/li>\n\n\n\n<li>Gest\u00e3o Or\u00e7amental<\/li>\n\n\n\n<li>Controlo da Gest\u00e3o P\u00fablica<\/li>\n\n\n\n<li>Auditoria P\u00fablica<\/li>\n\n\n\n<li>Contabilidade e Controlo de Gest\u00e3o<\/li>\n<\/ul>\n\n\n\n<p><\/p>\n\n\n\n<div class=\"wp-block-buttons is-content-justification-center is-layout-flex wp-container-core-buttons-is-layout-16018d1d wp-block-buttons-is-layout-flex\">\n<div class=\"wp-block-button\"><a class=\"wp-block-button__link has-vivid-red-background-color has-background wp-element-button\" href=\"https:\/\/tracking.adstrategysites.com\/aff_c?offer_id=3778&amp;aff_id=2170&amp;url_id=7677&amp;source=site_cm\" target=\"_blank\" rel=\"noopener\"><strong>VER PROGRAMA COMPLETO<\/strong><\/a><\/div>\n<\/div>\n","protected":false},"excerpt":{"rendered":"<p>Com uma forte componente aplicada, a P\u00f3s-gradua\u00e7\u00e3o em Contabilidade e Gest\u00e3o P\u00fablica do ISCSP pretende proporcionar um conjunto alargado de conhecimentos cient\u00edficos e t\u00e9cnicos, que possam vir a contribuir para uma maior qualifica\u00e7\u00e3o da gest\u00e3o na Administra\u00e7\u00e3o P\u00fablica. Principais Objetivos Destinat\u00e1rios O Que vai Aprender?<\/p>\n","protected":false},"author":1,"featured_media":0,"parent":0,"menu_order":0,"comment_status":"closed","ping_status":"closed","template":"","meta":{"footnotes":""},"class_list":["post-2593","page","type-page","status-publish","hentry","clearfix"],"_links":{"self":[{"href":"https:\/\/www.cursosaominuto.pt\/wordpress\/wp-json\/wp\/v2\/pages\/2593","targetHints":{"allow":["GET"]}}],"collection":[{"href":"https:\/\/www.cursosaominuto.pt\/wordpress\/wp-json\/wp\/v2\/pages"}],"about":[{"href":"https:\/\/www.cursosaominuto.pt\/wordpress\/wp-json\/wp\/v2\/types\/page"}],"author":[{"embeddable":true,"href":"https:\/\/www.cursosaominuto.pt\/wordpress\/wp-json\/wp\/v2\/users\/1"}],"replies":[{"embeddable":true,"href":"https:\/\/www.cursosaominuto.pt\/wordpress\/wp-json\/wp\/v2\/comments?post=2593"}],"version-history":[{"count":1,"href":"https:\/\/www.cursosaominuto.pt\/wordpress\/wp-json\/wp\/v2\/pages\/2593\/revisions"}],"predecessor-version":[{"id":2594,"href":"https:\/\/www.cursosaominuto.pt\/wordpress\/wp-json\/wp\/v2\/pages\/2593\/revisions\/2594"}],"wp:attachment":[{"href":"https:\/\/www.cursosaominuto.pt\/wordpress\/wp-json\/wp\/v2\/media?parent=2593"}],"curies":[{"name":"wp","href":"https:\/\/api.w.org\/{rel}","templated":true}]}}