{"id":2562,"date":"2024-06-06T08:36:53","date_gmt":"2024-06-06T08:36:53","guid":{"rendered":"https:\/\/www.cursosaominuto.pt\/wordpress\/?page_id=2562"},"modified":"2024-06-06T08:36:54","modified_gmt":"2024-06-06T08:36:54","slug":"pos-graduacao-em-administracao-e-gestao-de-saude","status":"publish","type":"page","link":"https:\/\/www.cursosaominuto.pt\/wordpress\/pos-graduacao-em-administracao-e-gestao-de-saude\/","title":{"rendered":"P\u00f3s-Gradua\u00e7\u00e3o em Administra\u00e7\u00e3o e Gest\u00e3o de Sa\u00fade"},"content":{"rendered":"\n<p>A P\u00f3s-gradua\u00e7\u00e3o em Administra\u00e7\u00e3o e Gest\u00e3o de Sa\u00fade do ISCSP, \u00e9 reconhecida oficialmente pelo Col\u00e9gio da Compet\u00eancia em Gest\u00e3o de Servi\u00e7os de Sa\u00fade da Ordem dos M\u00e9dicos e tamb\u00e9m reconhecida e creditada no \u00e2mbito do Desenvolvimento profissional Cont\u00ednuo da Ordem dos Farmac\u00eauticos.<\/p>\n\n\n\n<figure class=\"wp-block-image size-large\"><img loading=\"lazy\" decoding=\"async\" width=\"1024\" height=\"1024\" src=\"https:\/\/www.cursosaominuto.pt\/wordpress\/wp-content\/uploads\/2024\/06\/1080x1080-Administracao-e-Gestao-de-Saude1-1024x1024.png\" alt=\"\" class=\"wp-image-2563\" srcset=\"https:\/\/www.cursosaominuto.pt\/wordpress\/wp-content\/uploads\/2024\/06\/1080x1080-Administracao-e-Gestao-de-Saude1-1024x1024.png 1024w, https:\/\/www.cursosaominuto.pt\/wordpress\/wp-content\/uploads\/2024\/06\/1080x1080-Administracao-e-Gestao-de-Saude1-300x300.png 300w, https:\/\/www.cursosaominuto.pt\/wordpress\/wp-content\/uploads\/2024\/06\/1080x1080-Administracao-e-Gestao-de-Saude1-150x150.png 150w, https:\/\/www.cursosaominuto.pt\/wordpress\/wp-content\/uploads\/2024\/06\/1080x1080-Administracao-e-Gestao-de-Saude1-768x768.png 768w, https:\/\/www.cursosaominuto.pt\/wordpress\/wp-content\/uploads\/2024\/06\/1080x1080-Administracao-e-Gestao-de-Saude1.png 1080w\" sizes=\"auto, (max-width: 1024px) 100vw, 1024px\" \/><\/figure>\n\n\n\n<p><\/p>\n\n\n\n<div class=\"wp-block-buttons is-content-justification-center is-layout-flex wp-container-core-buttons-is-layout-16018d1d wp-block-buttons-is-layout-flex\">\n<div class=\"wp-block-button is-style-fill\"><a class=\"wp-block-button__link has-vivid-red-background-color has-background wp-element-button\" href=\"https:\/\/tracking.adstrategysites.com\/aff_c?offer_id=3778&amp;aff_id=2170&amp;source=site_cm&amp;url_id=6249\" target=\"_blank\" rel=\"noopener\"><strong>SABER MAIS<\/strong><\/a><\/div>\n<\/div>\n\n\n\n<p><\/p>\n\n\n\n<h2 class=\"wp-block-heading has-text-align-center\">Principais Objetivos<\/h2>\n\n\n\n<ul class=\"wp-block-list\">\n<li>Dar a conhecer as teorias e conceitos, os m\u00e9todos, as t\u00e9cnicas e instrumentos de Gest\u00e3o que facultem um quadro de refer\u00eancia adequado \u00e0 sua aplica\u00e7\u00e3o pr\u00e1tica;<\/li>\n\n\n\n<li>Formar quadros superiores em organiza\u00e7\u00f5es p\u00fablicas, privadas ou sociais, com alta capacidade t\u00e9cnica e conhecimentos espec\u00edficos para fortalecer a competitividade das organiza\u00e7\u00f5es;<\/li>\n\n\n\n<li>Oferecer compet\u00eancias na \u00e1rea da gest\u00e3o e administra\u00e7\u00e3o de servi\u00e7os de sa\u00fade;<\/li>\n\n\n\n<li>Promover a intera\u00e7\u00e3o entre alunos e formadores com aplica\u00e7\u00e3o pr\u00e1tica dos conhecimentos atrav\u00e9s da an\u00e1lise de casos;<\/li>\n\n\n\n<li>Incentivar a \u201cprodu\u00e7\u00e3o do saber\u201d atrav\u00e9s da realiza\u00e7\u00e3o de trabalhos acad\u00e9micos e respetiva publica\u00e7\u00e3o.<\/li>\n<\/ul>\n\n\n\n<h2 class=\"wp-block-heading has-text-align-center\">Destinat\u00e1rios<\/h2>\n\n\n\n<ul class=\"wp-block-list\">\n<li>Administradores e Gestores<\/li>\n\n\n\n<li>Profissionais de sa\u00fade<\/li>\n\n\n\n<li>Diretores e Coordenadores<\/li>\n\n\n\n<li>Dirigentes de institui\u00e7\u00f5es de sa\u00fade<\/li>\n<\/ul>\n\n\n\n<h2 class=\"wp-block-heading has-text-align-center\">O Que vai Aprender?<\/h2>\n\n\n\n<ul class=\"wp-block-list\">\n<li>Pol\u00edticas, Sistemas e Regula\u00e7\u00e3o na Sa\u00fade<\/li>\n\n\n\n<li>Lideran\u00e7a e Gest\u00e3o de Pessoas na Sa\u00fade<\/li>\n\n\n\n<li>Qualidade, Seguran\u00e7a e Satisfa\u00e7\u00e3o na Sa\u00fade<\/li>\n\n\n\n<li>Direito e Legisla\u00e7\u00e3o da Sa\u00fade<\/li>\n\n\n\n<li>Inova\u00e7\u00e3o no Medicamento e Tecnologias da Sa\u00fade<\/li>\n\n\n\n<li>Marketing e Comunica\u00e7\u00e3o em Sa\u00fade<\/li>\n\n\n\n<li>\u00c9tica e Deontologia na Sa\u00fade<\/li>\n\n\n\n<li>Financiamento, Contratualiza\u00e7\u00e3o e Controlo de Gest\u00e3o em Sa\u00fade<\/li>\n\n\n\n<li>Gest\u00e3o Estrat\u00e9gica de Compras e Log\u00edstica na Sa\u00fade<\/li>\n\n\n\n<li>Semin\u00e1rios Interdisciplinares em Sa\u00fade<\/li>\n<\/ul>\n\n\n\n<p><\/p>\n\n\n\n<div class=\"wp-block-buttons is-content-justification-center is-layout-flex wp-container-core-buttons-is-layout-16018d1d wp-block-buttons-is-layout-flex\">\n<div class=\"wp-block-button\"><a class=\"wp-block-button__link has-vivid-red-background-color has-background wp-element-button\" href=\"https:\/\/tracking.adstrategysites.com\/aff_c?offer_id=3778&amp;aff_id=2170&amp;source=site_cm&amp;url_id=6249\" target=\"_blank\" rel=\"noopener\"><strong>VER PROGRAMA COMPLETO<\/strong><\/a><\/div>\n<\/div>\n","protected":false},"excerpt":{"rendered":"<p>A P\u00f3s-gradua\u00e7\u00e3o em Administra\u00e7\u00e3o e Gest\u00e3o de Sa\u00fade do ISCSP, \u00e9 reconhecida oficialmente pelo Col\u00e9gio da Compet\u00eancia em Gest\u00e3o de Servi\u00e7os de Sa\u00fade da Ordem dos M\u00e9dicos e tamb\u00e9m reconhecida e creditada no \u00e2mbito do Desenvolvimento profissional Cont\u00ednuo da Ordem dos Farmac\u00eauticos. Principais Objetivos Destinat\u00e1rios O Que vai Aprender?<\/p>\n","protected":false},"author":1,"featured_media":0,"parent":0,"menu_order":0,"comment_status":"closed","ping_status":"closed","template":"","meta":{"footnotes":""},"class_list":["post-2562","page","type-page","status-publish","hentry","clearfix"],"_links":{"self":[{"href":"https:\/\/www.cursosaominuto.pt\/wordpress\/wp-json\/wp\/v2\/pages\/2562","targetHints":{"allow":["GET"]}}],"collection":[{"href":"https:\/\/www.cursosaominuto.pt\/wordpress\/wp-json\/wp\/v2\/pages"}],"about":[{"href":"https:\/\/www.cursosaominuto.pt\/wordpress\/wp-json\/wp\/v2\/types\/page"}],"author":[{"embeddable":true,"href":"https:\/\/www.cursosaominuto.pt\/wordpress\/wp-json\/wp\/v2\/users\/1"}],"replies":[{"embeddable":true,"href":"https:\/\/www.cursosaominuto.pt\/wordpress\/wp-json\/wp\/v2\/comments?post=2562"}],"version-history":[{"count":1,"href":"https:\/\/www.cursosaominuto.pt\/wordpress\/wp-json\/wp\/v2\/pages\/2562\/revisions"}],"predecessor-version":[{"id":2564,"href":"https:\/\/www.cursosaominuto.pt\/wordpress\/wp-json\/wp\/v2\/pages\/2562\/revisions\/2564"}],"wp:attachment":[{"href":"https:\/\/www.cursosaominuto.pt\/wordpress\/wp-json\/wp\/v2\/media?parent=2562"}],"curies":[{"name":"wp","href":"https:\/\/api.w.org\/{rel}","templated":true}]}}