{"id":2079,"date":"2024-02-12T11:20:29","date_gmt":"2024-02-12T11:20:29","guid":{"rendered":"https:\/\/www.cursosaominuto.pt\/wordpress\/?page_id=2079"},"modified":"2025-09-22T15:17:00","modified_gmt":"2025-09-22T15:17:00","slug":"tosquias-e-grooming","status":"publish","type":"page","link":"https:\/\/www.cursosaominuto.pt\/wordpress\/tosquias-e-grooming\/","title":{"rendered":"Tosquia e Grooming"},"content":{"rendered":"\n<p>Sonhas em trabalhar numa \u00e1rea inovadora e rent\u00e1vel, a cuidar de animais de estima\u00e7\u00e3o? O <strong>curso de Tosquia e Grooming<\/strong> \u00e9 a resposta. <\/p>\n\n\n\n<p><\/p>\n\n\n<div class=\"wp-block-image\">\n<figure class=\"aligncenter size-full\"><img loading=\"lazy\" decoding=\"async\" width=\"674\" height=\"469\" src=\"https:\/\/www.cursosaominuto.pt\/wordpress\/wp-content\/uploads\/2024\/02\/9.png\" alt=\"\" class=\"wp-image-2040\" style=\"aspect-ratio:4\/3;object-fit:cover\" srcset=\"https:\/\/www.cursosaominuto.pt\/wordpress\/wp-content\/uploads\/2024\/02\/9.png 674w, https:\/\/www.cursosaominuto.pt\/wordpress\/wp-content\/uploads\/2024\/02\/9-300x209.png 300w, https:\/\/www.cursosaominuto.pt\/wordpress\/wp-content\/uploads\/2024\/02\/9-600x418.png 600w\" sizes=\"auto, (max-width: 674px) 100vw, 674px\" \/><\/figure>\n<\/div>\n\n\n<p><\/p>\n\n\n\n<p>\u00c9 uma oportunidade para unires os teus valores e interesses a excelentes perspetivas de emprego. Poder\u00e1 ser uma excelente complementa\u00e7\u00e3o ao <strong>curso de Auxiliar de Veterin\u00e1ria<\/strong>.<\/p>\n\n\n\n<p><\/p>\n\n\n\n<div class=\"wp-block-buttons is-content-justification-center is-layout-flex wp-container-core-buttons-is-layout-16018d1d wp-block-buttons-is-layout-flex\">\n<div class=\"wp-block-button\"><a class=\"wp-block-button__link has-vivid-red-background-color has-background wp-element-button\" href=\"https:\/\/cursos-de-formacao.pt\/tosquia-grooming?utm_source=organico&amp;utm_medium=opc&amp;utm_campaign=adstrategy&amp;utm_content=SITE_CM_OFERTA\" target=\"_blank\" rel=\"noopener\"><strong>INSCREVE-TE<\/strong><\/a><\/div>\n<\/div>\n\n\n\n<p><\/p>\n\n\n\n<h2 class=\"wp-block-heading has-text-align-center\">Principais Objetivos <\/h2>\n\n\n\n<ul class=\"wp-block-list\">\n<li>Adquirir os conhecimentos te\u00f3ricos b\u00e1sicos de anatomia e fisiologia da pele e pelo do c\u00e3o e do gato;<\/li>\n\n\n\n<li>Conhecer algumas doen\u00e7as de pele do c\u00e3o e do gato;<\/li>\n\n\n\n<li>Conhecer as bases do comportamento canino e felino;<\/li>\n\n\n\n<li>Identificar as diferentes ra\u00e7as caninas e felinas;<\/li>\n\n\n\n<li>Dominar as t\u00e9cnicas de limpeza e cuidados b\u00e1sicos do c\u00e3o e do gato, assim como as de corte de pelo aplicado \u00e0s diferentes ra\u00e7as;<\/li>\n\n\n\n<li>Conhecer os instrumentos, maquinaria e materiais necess\u00e1rios para exercer a profiss\u00e3o;<\/li>\n\n\n\n<li>Conhecer os tipos de produtos adequados a cada tipo de p\u00ealo;<\/li>\n\n\n\n<li>Aprender as t\u00e9cnicas de tosquia e grooming, de acordo com o estal\u00e3o da ra\u00e7a canina em quest\u00e3o.<\/li>\n<\/ul>\n\n\n\n<h2 class=\"wp-block-heading has-text-align-center\">Sa\u00eddas Profissionais<\/h2>\n\n\n\n<ul class=\"wp-block-list\">\n<li>Tosquiador de c\u00e3es e gatos<\/li>\n\n\n\n<li>Groomer canino e felino<\/li>\n\n\n\n<li>Cabeleireiro canino e felino<\/li>\n<\/ul>\n\n\n\n<p><\/p>\n\n\n\n<div class=\"wp-block-buttons is-content-justification-center is-layout-flex wp-container-core-buttons-is-layout-16018d1d wp-block-buttons-is-layout-flex\">\n<div class=\"wp-block-button\"><a class=\"wp-block-button__link has-vivid-red-background-color has-background wp-element-button\" href=\"https:\/\/cursos-de-formacao.pt\/tosquia-grooming?utm_source=organico&amp;utm_medium=opc&amp;utm_campaign=adstrategy&amp;utm_content=SITE_CM_OFERTA\" target=\"_blank\" rel=\"noopener\"><strong>SABE MAIS AQUI<\/strong><\/a><\/div>\n<\/div>\n\n\n\n<p><\/p>\n\n\n\n<h2 class=\"wp-block-heading has-text-align-center\">Vantagens<\/h2>\n\n\n\n<figure class=\"wp-block-table is-style-stripes has-small-font-size\"><table><tbody><tr><td class=\"has-text-align-center\" data-align=\"center\"><img decoding=\"async\" src=\"https:\/\/formacao-profissional.pt\/ADigital\/img\/bolsaestagios.png\" alt=\"Bolsa_De_Estagios\"><br><strong> BOLSA DE EST\u00c1GIOS<\/strong><\/td><td class=\"has-text-align-center\" data-align=\"center\"><img decoding=\"async\" src=\"https:\/\/formacao-profissional.pt\/ADigital\/img\/bolsaemprego.png\" alt=\"Bolsa_De_Emprego\"><br><strong>BOLSA DE EMPREGO<\/strong><\/td><td class=\"has-text-align-center\" data-align=\"center\"><\/td><td class=\"has-text-align-center\" data-align=\"center\"><img decoding=\"async\" src=\"https:\/\/formacao-profissional.pt\/ADigital\/img\/campusvirtual.png\" alt=\"CAMPUS_VIRTUAL\"><br><strong>CAMPUS VIRTUAL<\/strong><\/td><td class=\"has-text-align-center\" data-align=\"center\"><img decoding=\"async\" src=\"https:\/\/formacao-profissional.pt\/ADigital\/img\/tutor_especializado.png\" alt=\"TUTOR_ESPECIALIZADO\"><br><strong>TUTOR ESPECIALIZADO<\/strong><\/td><\/tr><\/tbody><\/table><\/figure>\n","protected":false},"excerpt":{"rendered":"<p>Sonhas em trabalhar numa \u00e1rea inovadora e rent\u00e1vel, a cuidar de animais de estima\u00e7\u00e3o? O curso de Tosquia e Grooming \u00e9 a resposta. \u00c9 uma oportunidade para unires os teus valores e interesses a excelentes perspetivas de emprego. Poder\u00e1 ser uma excelente complementa\u00e7\u00e3o ao curso de Auxiliar de Veterin\u00e1ria. Principais Objetivos Sa\u00eddas Profissionais Vantagens BOLSA DE EST\u00c1GIOS BOLSA DE EMPREGO CAMPUS VIRTUAL TUTOR ESPECIALIZADO<\/p>\n","protected":false},"author":1,"featured_media":0,"parent":0,"menu_order":0,"comment_status":"closed","ping_status":"closed","template":"","meta":{"footnotes":""},"class_list":["post-2079","page","type-page","status-publish","hentry","clearfix"],"_links":{"self":[{"href":"https:\/\/www.cursosaominuto.pt\/wordpress\/wp-json\/wp\/v2\/pages\/2079","targetHints":{"allow":["GET"]}}],"collection":[{"href":"https:\/\/www.cursosaominuto.pt\/wordpress\/wp-json\/wp\/v2\/pages"}],"about":[{"href":"https:\/\/www.cursosaominuto.pt\/wordpress\/wp-json\/wp\/v2\/types\/page"}],"author":[{"embeddable":true,"href":"https:\/\/www.cursosaominuto.pt\/wordpress\/wp-json\/wp\/v2\/users\/1"}],"replies":[{"embeddable":true,"href":"https:\/\/www.cursosaominuto.pt\/wordpress\/wp-json\/wp\/v2\/comments?post=2079"}],"version-history":[{"count":4,"href":"https:\/\/www.cursosaominuto.pt\/wordpress\/wp-json\/wp\/v2\/pages\/2079\/revisions"}],"predecessor-version":[{"id":3914,"href":"https:\/\/www.cursosaominuto.pt\/wordpress\/wp-json\/wp\/v2\/pages\/2079\/revisions\/3914"}],"wp:attachment":[{"href":"https:\/\/www.cursosaominuto.pt\/wordpress\/wp-json\/wp\/v2\/media?parent=2079"}],"curies":[{"name":"wp","href":"https:\/\/api.w.org\/{rel}","templated":true}]}}